3. Suppose -124 - 192 = -r*m + 4*i, -m - i + 81 = 0. List the prime factors of m.
2, 5
Let g be 5*(-3)/(-5) + -3. Suppose g*h + 266 = 4*q - 3*h, -3*q + 185 = 5*h. List the prime factors of q.
5, 13
What are the prime factors of 88*(169/(-26) - -12)?
2, 11
List the prime factors of 0 + 19/(57/(-18)) - -10285.
19, 541
Let b = 4263 - 2539. What are the prime factors of b?
2, 431
What are the prime factors of (-396)/2178 - ((-128107)/2)/(11/4)?
2, 3, 647
Suppose 0 = -5*d + 3*y + 2753 + 2119, -2*d - y = -1951. What are the prime factors of d?
3, 5, 13
Let z = 30 + -28. Let w = z - 20. Let p(y) = y**3 + 17*y**2 - 22*y - 18. List the prime factors of p(w).
2, 3
Let v(y) = 296*y + 605. What are the prime factors of v(8)?
3, 991
Suppose 0 = -58*t + 1351742 + 540566. What are the prime factors of t?
2, 11, 1483
Suppose 0 = -p - 3*p + 5*x + 8, 3*p - 6 = -5*x. What are the prime factors of p/((-10)/(-1565)) - 5?
2, 7, 11
Let b = -655 - -222. Let v = b - -705. List the prime factors of v.
2, 17
List the prime factors of 5/(50/9980)*4.
2, 499
Suppose 36*x - 97953 = -23909 + 89792. List the prime factors of x.
3, 37, 41
Let x = -3244 - -18071. What are the prime factors of x?
14827
Suppose -93*a - 232622 = -139*a. List the prime factors of a.
13, 389
Let a(x) = 36453*x**2 - 89*x - 87. What are the prime factors of a(-1)?
5, 23, 317
Suppose j = -31*z + 36*z - 3165, z + 2*j - 633 = 0. Suppose 5*o + z + 512 = y, -5725 = -5*y + 4*o. List the prime factors of y.
5, 229
Suppose -2*d - 497 = 853. Let h = d + 1135. What are the prime factors of h?
2, 5, 23
Let l = -3342 + 16002. What are the prime factors of l?
2, 3, 5, 211
Let z(a) = 6*a**2 - 26*a + 169. What are the prime factors of z(6)?
229
Let r be 67483/15 + 48/360. What are the prime factors of (r/(-22))/((-10)/(-4) - 3)?
409
Let b(m) = m**2 - 7*m + 14. Let g be b(10). Let d = g - 42. Suppose y = 5*c - 300, 3*y = d*c + c - 192. What are the prime factors of c?
59
Let f(t) = -606*t**3 - 109*t**2 - 24*t - 12. What are the prime factors of f(-4)?
2, 9281
Let c = 19 + -7. Let k = 12 - c. Suppose 3*l + 5*o - 17 = -k*l, 5*l + 5*o - 35 = 0. What are the prime factors of l?
3
Suppose -21292 = 4*y - 4*k, 2*y - 7*y - 26635 = -k. What are the prime factors of (-2)/((-4)/(-14))*y/259?
2, 3
Let c be (-11 + -13)/(-8) + 7. Suppose -3*b + 75 = 5*k, 0 = b + 2*b. Suppose -k*u + 305 = -c*u. List the prime factors of u.
61
Let x = 166 + 17. Suppose -7*t + 4*t = -x. Suppose 0 = y - 4*a - 58, -3*a = -y + 2*a + t. List the prime factors of y.
2, 23
Suppose -32069 - 30526 = -5*m + 2*b, 0 = b - 5. List the prime factors of m.
19, 659
Let w(n) = -17*n**3 + 6*n**2 - 117*n - 1053. What are the prime factors of w(-9)?
3, 53
Suppose 263*v - 267*v + 5*c + 268649 = 0, c = -5*v + 335746. List the prime factors of v.
7, 53, 181
Let z(d) = 1274*d**2 - 4*d + 15. List the prime factors of z(-3).
3, 1277
Suppose 3*c + 6416 = 2*w - 8836, 3*w - c = 22885. Suppose 13*o - w = -2273. What are the prime factors of o?
2, 103
List the prime factors of -3 + -550*(-23 + 11).
3, 733
Let l = 235 + -99. Suppose -3*u + 16 = u, 5*f + l = 4*u. What are the prime factors of 13/2*-5*f/6?
2, 5, 13
Let c(k) = -299*k**3 + 6*k**2 - 5*k + 22. What are the prime factors of c(-3)?
2, 13, 157
Let w = -448 + 545. Suppose -w*h = -95*h - 466. List the prime factors of h.
233
Let m be (-13558)/(-5)*(-3)/((-6)/5). Suppose 5*g + y - m = 0, 5*g - 3*y - 8689 = -1926. List the prime factors of g.
5, 271
Suppose a - h - 237 = 0, 5*a - 2*h - 2*h - 1186 = 0. List the prime factors of a.
2, 7, 17
Suppose 3*s - 20 = 3*u - s, 15 = 5*u + 3*s. Let p(t) = 4*t + u*t - 2549 + 2553. List the prime factors of p(11).
2, 3
Suppose -10*p - 2191 - 1189 = 0. Let n = -242 - p. List the prime factors of n.
2, 3
Let j = 78 + -70. Let u = -7 + j. List the prime factors of ((u + 1)/(-2))/(5/(-620)).
2, 31
Let u(s) be the first derivative of s**4/4 - 8*s**3/3 + 10*s**2 - 35*s + 63. What are the prime factors of u(10)?
5, 73
What are the prime factors of (-71 - -63) + 10572 + 3?
10567
Suppose 0 = -2*w - 3*n + 4007, -1751 = -3*w - 4*n + 4262. What are the prime factors of w?
2011
Suppose 4*x + 0*x + 12 = 0. Let n(t) = -178*t - 34. List the prime factors of n(x).
2, 5
Suppose 36*l - 1296946 + 429562 = 0. What are the prime factors of l?
2, 7, 1721
Suppose 3*y = 2*q + 105540, 19*q - 20*q = y - 35190. List the prime factors of y.
2, 3, 733
Let w(b) = -231*b + 109*b + 125*b**2 + 14 + 114*b. List the prime factors of w(2).
2, 3, 83
Let j = -57 - -37. List the prime factors of 25/(j/4) + 504 + 1.
2, 5
Suppose 353907 = 5*w + v + 85533, 20 = 5*v. What are the prime factors of w?
2, 47, 571
Let j = 113 - 109. Suppose -3*n - j*l + 824 = -3*l, -5*n = -l - 1376. What are the prime factors of n?
5, 11
Let b(m) = m**2 - 15*m + 63. Let z be b(6). What are the prime factors of (-690)/z*(-1656)/115?
2, 3, 23
Let q = 353 + 223. Suppose 2*d - w = 525, -q = -4*d - 3*w + 479. Suppose -5*h = -d - 897. List the prime factors of h.
2, 29
Suppose -n = 5*o + 10, 4*n + 4*o + 9 = 1. Suppose n = 4*t + 16, 2*t + 280 = 2*w - 146. Let l = w + -135. What are the prime factors of l?
2, 37
Let i(p) = -23032*p + 636. List the prime factors of i(-2).
2, 5, 467
Let c(d) = -d**3 - 6*d**2 - 9*d + 5. Let z be c(-5). List the prime factors of (5 - (-294)/30)*z.
2, 5, 37
Let g = 220587 - 148405. What are the prime factors of g?
2, 11, 17, 193
Suppose 521*x - 723504 = 461*x + 245076. List the prime factors of x.
3, 5381
Let t(c) = -1. Let w(q) = -268*q + 176. Let g(u) = 10*t(u) + w(u). What are the prime factors of g(-4)?
2, 619
Let s(r) = -75*r**2 + 3789*r + 11. What are the prime factors of s(12)?
34679
Suppose l - 173 = -1148*f + 1153*f, -4*l + 710 = -2*f. List the prime factors of l.
2, 89
Suppose 0 = -0*x - x - 2*k - 19, -4*x - 124 = -4*k. Let g be ((-26)/(-3))/((-18)/x). Let o = 20 - g. What are the prime factors of o?
7
Suppose 12*s - 1575 + 419 = 10616. What are the prime factors of s?
3, 109
Suppose -8*l = -16*l + 904. Let u = l - -6. What are the prime factors of u?
7, 17
Let l = 43067 + -28836. List the prime factors of l.
7, 19, 107
Let a be 648 - ((-1 - 2) + -1 + 9). Let w = a - 162. List the prime factors of w.
13, 37
Suppose -3*i + i = -3*d + 26384, 0 = -5*d + 2*i + 43972. List the prime factors of d.
2, 4397
Let g(w) = -1. Let f be (63/(-105))/(1/5). Let d(r) = 40*r - 5. Let q(s) = f*d(s) + 12*g(s). What are the prime factors of q(-1)?
3, 41
Let a = -20255 - -24406. List the prime factors of a.
7, 593
Let u(z) = z**3 + 12*z**2 - 20*z - 13. Let g be u(-13). Suppose -n - g = 31. Let t = 264 + n. List the prime factors of t.
5, 31
Let a(z) = -76*z**3 + 2*z**2 - 10*z - 6. List the prime factors of a(-4).
2, 5, 17, 29
Suppose -2*y + 3*k + 33 = 4*k, 0 = 2*y - 4*k - 38. Suppose 9*w - y = 10. Suppose -3*i = w*i - 1110. What are the prime factors of i?
5, 37
Let i(a) = 1764*a + 394. List the prime factors of i(3).
2, 2843
List the prime factors of 55767 - 4 - ((-58)/(-145))/((-4)/(-50)).
2, 3, 9293
Suppose 102*p + 17041 = 1013071. List the prime factors of p.
3, 5, 7, 31
Let w be (-300)/(-15) + -7 + 2. Let j(g) = 21*g - 2. List the prime factors of j(w).
313
Let h(s) = -266*s + 1364. List the prime factors of h(-33).
2, 11, 461
Let q = -17002 + 24353. List the prime factors of q.
7351
Suppose -3*v + 4*s + 2 - 6 = 0, 5*s + 18 = -2*v. Let i be (v/(-16))/(2/8) + 3. Suppose 2 + 110 = i*f. What are the prime factors of f?
2, 7
Suppose 35*b = -8*b - 104*b + 1221864. What are the prime factors of b?
2, 1039
Suppose -216*w = -214*w + 1634. Let c = 1646 + w. List the prime factors of c.
829
Let v = 20669 - 11320. List the prime factors of v.
9349
Let y = 17433 + -15849. List the prime factors of y.
2, 3, 11
Suppose -29*v + 31*v + 2848 = 4*f, 2*f = 4*v + 1424. What are the prime factors of f?
2, 89
Let d(c) = -8 - 14 + 254*c**2 - 15*c - 253*c**2. Suppose -3*n = a - 55, -2*a - 7 = 5*n - 97. What are the prime factors of d(n)?
2, 3, 13
Suppose 7*h - 37*h + 462127 + 365993 = 0. List the prime factors of h.
2, 67, 103
Let p(f) = 11360*f - 1016. What are the prime factors of p(4)?
2, 3, 617
Let x = -77 - -70. Let q(l) = l**3 + 8*l**2 - 3*l + 11. List the prime factors of q(x).
3
Let k = 146009 + -92137. What are the prime factors of k?
2, 7, 13, 37
Sup